 + -9. Let m be 2 - x - (1 - 5). Suppose 0 = -4*q - 3*y + 8*y + 120, 136 = 4*q - y. Calculate the highest common factor of m and q.
7
Let n = -612 - -1481. What is the highest common divisor of n and 11?
11
Let y(g) = g**3 - 18*g**2 + 6*g - 87. Let z be y(20). Calculate the highest common factor of 17 and z.
17
Let a = -116 - -17. Let m be (a/3)/((-27)/18). Calculate the greatest common divisor of m and 66.
22
Suppose -19*c + 14*c + 5933 = 2*p, -5*c - p + 5929 = 0. Calculate the greatest common divisor of 15 and c.
15
Let n = -21 + 37. Let k be (-4 + -6)/(110/(-44)). Calculate the highest common divisor of k and n.
4
Let d = -841 + 851. What is the highest common divisor of d and 70?
10
Suppose 2*h = 4 + 14. Let n be (-3)/h*(-19 - 2). What is the greatest common factor of n and 14?
7
Let m(z) = z**2 - 39*z + 591. Let o be m(0). What is the highest common divisor of 3 and o?
3
Suppose 0 = 61*z + 44 - 471. What is the highest common divisor of z and 749?
7
Let i = 17 - 7. Let k = -1107 - -1112. What is the highest common divisor of i and k?
5
Let f = 33 + -28. Suppose 0 = f*p - p. Suppose g - 24 = -p*g. What is the greatest common divisor of g and 264?
24
Let d(y) = y**3 - y**2 - y - 1. Let m(s) = -2*s + 9. Let z be m(5). Let g be d(z). Let b be 18/21*(-14)/g. What is the greatest common divisor of b and 18?
6
Let q be (-3807)/(-15)*(-30)/(-9). Calculate the highest common divisor of q and 18.
18
Let j(f) = 4*f + 64. Let y be j(-11). Calculate the greatest common factor of 35 and y.
5
Suppose 0 = -5*k - 2*t + 17, 0 = -k - 0*t - 2*t + 5. Calculate the greatest common divisor of k and 30.
3
Let l be (26 - 27) + 10 + -1. Let k be l/(-6)*30/(-4). Suppose -5*z - m - 5 + 38 = 0, k = 2*z + 2*m. Calculate the highest common factor of 63 and z.
7
Let p(m) = 6*m**2 - 37*m + 171. Let o be p(9). What is the greatest common divisor of 72 and o?
36
Suppose -5*k + 181 = -2*y, -5*k + 3*k - 4*y = -82. Calculate the highest common factor of 1073 and k.
37
Suppose 14*w + 2*w + 1188 = 52*w. Let q be 50/8*-2*-40. Suppose -88 = 2*f + m - 413, -3*f + m = -q. What is the highest common divisor of w and f?
33
Let u(f) = -f**3 + 12*f**2 + 12*f + 23. Suppose -2*w + 35 = -3*r - 0*r, 5*w - r - 68 = 0. Let p be u(w). What is the greatest common factor of 110 and p?
10
Suppose -2*z = 4*z. Suppose 2*w - 6*w + 32 = z. What is the greatest common factor of w and 136?
8
Let o = 25 - 11. Let b(l) = -7*l**2 + 2*l**2 + 6 + 6*l**2. Let z be b(-8). What is the highest common factor of o and z?
14
Suppose 0*p + 2*p - 3*v = 136, -3*v + 112 = 2*p. Let q(c) = 11*c**2 - 212*c + 88. Let h be q(19). Calculate the highest common divisor of h and p.
31
Let w = -731 + 1315. What is the highest common divisor of w and 73?
73
Let q be ((-4)/(-6))/(22/(-99)). Let c be (q - -11 - 4) + -4. Suppose c*o = -5*o + 35. Calculate the greatest common factor of 35 and o.
7
Let d(v) = -v**3 - 9*v**2 - 7*v + 29. Let i be d(-8). What is the greatest common divisor of i and 21?
21
Let v = 386 + -295. Calculate the highest common divisor of v and 52.
13
Let w = 880 - 726. Calculate the highest common factor of w and 847.
77
Let f be 16/(-10)*(2200/16)/(-11). What is the highest common divisor of f and 350?
10
Let j(c) = -4*c**3 + 5*c + 8. Let u be j(-2). Let x be 200 - -6 - (-3 - 1). Calculate the greatest common divisor of u and x.
30
Let q = 0 - -2. Suppose g + 5*k + 11 = 0, 0 = 4*g - 2*g + 2*k - 18. Suppose -78 = f - g*f. What is the highest common factor of q and f?
2
Suppose 2*n + b - 30 = -11, 5*n - 51 = b. Let i be (11/(-2))/((-3)/6). Let p be (i/(-22))/((-1)/10). Calculate the greatest common factor of n and p.
5
Let v(g) be the third derivative of -g**4/6 + g**3 + 7*g**2. Let l be v(-6). Let p be (-20)/(-30) - (-718)/3. What is the greatest common divisor of l and p?
30
Let m = -845 + 910. What is the greatest common factor of 13 and m?
13
Suppose -l + 8 = -25. What is the greatest common divisor of 121 and l?
11
Suppose w + 2*w + 31 = 5*y, 5*y - w - 27 = 0. Suppose 0*l = l + y. Let v be ((-2)/l)/(3/45). Calculate the highest common factor of 3 and v.
3
Let x = -15 - -16. Let s(w) = 25*w - 5. Let c be s(x). Calculate the highest common divisor of c and 50.
10
Let o be -496*((-7)/(-2) - (-245)/(-35)). Calculate the greatest common divisor of 56 and o.
56
Let p = -264 + 275. Calculate the highest common divisor of p and 1199.
11
Suppose 2*g = 3*d + 46 - 15, -2*g = -5*d - 29. What is the highest common factor of g and 391?
17
Suppose -3*l = -4*n + 8 - 2, 4*n = l + 10. Suppose n*m - 78 = -0*m. Calculate the highest common factor of 65 and m.
13
Let b(r) = -r**2 + 2*r + 25. Let w be b(5). Calculate the highest common factor of w and 75.
5
Suppose 5*j - 170 = 5*h, 4*j - 588*h = -589*h + 106. Let y = -66 - -290. Calculate the greatest common divisor of j and y.
28
Suppose 56 = 4*v - 5*i, 6 = -i + 2. Suppose 0 = v*j - 85 - 77. What is the greatest common factor of j and 144?
18
Suppose 568*q = 584*q - 432. What is the greatest common factor of q and 837?
27
Let i(c) = c**3 - 5*c**2 - 6. Let m be i(6). Let k be 552/90 + 2/(-15). Suppose -5*f + 4*a = -m + 5, f = a + k. Calculate the highest common factor of f and 9.
1
Suppose -29*n = -31*n. Suppose d - 3*x - 130 = n, 4*d + 4*x = d + 351. What is the highest common divisor of d and 11?
11
Suppose -2*y + 6 = y. Suppose -6*x + 60 = -y*x. Suppose -10*a - 90 = -x*a. Calculate the greatest common divisor of a and 36.
18
Let z be -6*(-7)/(-14) + 0 + 4. What is the greatest common divisor of 187 and z?
1
Suppose -3*k = -5*d - 0*d - 118, k = -4. Let b = d + 72. Suppose -4*u - 10 = -b. Calculate the highest common factor of 1 and u.
1
Let x(l) = -13 + 8 - 6 - 11 + 4*l. Let y be x(11). Suppose 0 = 5*n - 90 - 75. What is the greatest common factor of y and n?
11
Let s(i) = -17*i. Let o(l) = l**2 + 3*l - 5. Suppose z = 5 - 9. Let g be o(z). Let x be s(g). Calculate the greatest common divisor of x and 119.
17
Let d = 680 + -678. Let t = 0 - -2. Suppose -11 = -t*w - c, -2*c + 4*c = -d*w + 12. What is the highest common factor of 1 and w?
1
Let y = 19 + -23. Let w be (-7)/((y + 0)/24). Calculate the greatest common factor of 21 and w.
21
Suppose -2*q = 4*j - 22, 0 = 2*q - 3*q + j + 8. Let a = 36 - 0. Suppose 5*c = 6*c - a. What is the greatest common factor of q and c?
9
Suppose 2*s - 8*s + 408 = 0. Suppose -7*y = 10*y - s. Calculate the greatest common factor of 36 and y.
4
Suppose -5*g - 5*q = 40, -4*g = -0*g - q + 52. Let k be 0*(g/(-8))/3. Suppose 4*t - 33 + 1 = k. What is the highest common divisor of t and 2?
2
Suppose -5*f = -3*b + 38 + 128, 0 = -4*b + 2*f + 212. Suppose -4 = -2*o + b. Calculate the highest common divisor of o and 42.
14
Suppose -3*u + 2*u + 27 = 5*c, -2*u = 3*c - 19. Let d be 2/(6/3)*c. Let n = 65 - 30. Calculate the highest common divisor of n and d.
5
Let d(r) = -r**3 + 286. Let y be d(0). What is the highest common factor of 130 and y?
26
Let v(o) = -o**2 + 18*o + 44. Suppose -2*z + 7*z - 74 = -4*q, -3*q = 4*z - 60. Let w be v(z). Calculate the highest common divisor of w and 4.
4
Let q be 7306/39 + (-2)/6. Let k = -11 - -28. What is the greatest common factor of k and q?
17
Suppose 0 = 33*g - 0*g - 198. What is the highest common divisor of g and 48?
6
Let c be (-10)/40 + (-2)/(-8). Suppose c*l - 10 = -2*l. Suppose b - 5*b - 328 = -l*w, -3*b = -2*w + 127. What is the highest common factor of 17 and w?
17
Let z be -2 + (-35)/(-10) - (-475)/(-2). Let l = z - -380. What is the highest common factor of 9 and l?
9
Let m(y) = -y**3 + 26*y**2 - 16*y + 9. Let o be m(25). Calculate the highest common factor of 36 and o.
18
Let b = 1762 - 1689. Calculate the highest common factor of b and 219.
73
Suppose -3*b + 15 + 0 = 0. Suppose 241 + 9 = b*o. Suppose -f = -6*f + o. What is the highest common factor of f and 2?
2
Suppose 3*k + 27 = 30. Let y = -11 - 7. Let x be ((-14)/3)/(12/y). Calculate the greatest common divisor of x and k.
1
Suppose 0*b = -b + 104. Let h be (-1 - -2 - -2) + (-138)/(-6). Calculate the greatest common factor of b and h.
26
Let a(c) = c**3 - 71*c**2 + 71*c - 56. Let v be a(70). What is the highest common divisor of v and 1526?
14
Let v = 292 + -103. What is the greatest common divisor of v and 21?
21
Let w = -11 - -16. Suppose -t + 4